et n(h) = -3*h**2 + 3*h + 4. Let u be n(2). What is the remainder when (-7 + (62 - 7))*(-3)/u is divided by 38?
34
Let m(l) = l**2 - 8*l - 491. Let u be m(0). Let r = u + 502. What is the remainder when 41 is divided by r?
8
What is the remainder when 5880 is divided by (-288)/2160 + (0 - (-557)/15)?
34
Suppose -5*g - 165 = -5*o, -o + 4*o + g - 75 = 0. What is the remainder when 75 is divided by o?
21
Let c(a) = -168*a + 288. Calculate the remainder when c(1) is divided by 46.
28
Suppose 6*a - 10 = 5*a + k, 3*k - 47 = -4*a. Calculate the remainder when ((-60)/(-9))/(6/36) is divided by a.
7
Let z = 116 + -113. Suppose 4*u = -z*g + 594, -3*u - 591 = -3*g - 6*u. Calculate the remainder when g is divided by 8/(-4) + 42 + -1.
38
Suppose 326*p + 1571 = 495*p - 288. Let y = -20 - -39. Calculate the remainder when y is divided by p.
8
Let z(x) = -2*x**2 - 7*x + 12. Let d be z(-7). Let c = d + 40. Suppose -2*w + 11 = -c*a, -4*a - 5 = a. Calculate the remainder when 5 is divided by w.
1
Suppose -127*p + 226422 + 18347 - 34711 = 0. What is the remainder when p is divided by 2?
0
Suppose -1443*v + 1441*v = -122. Calculate the remainder when ((-716)/6)/(22/(-33)) is divided by v.
57
Let a(d) = -479*d + 67 - 2*d**2 + 965*d - 479*d. Calculate the remainder when 103 is divided by a(7).
13
Suppose -462*p - 1066 = -464*p - 3*z, -4*z = -3*p + 1582. What is the remainder when p is divided by (1 + -3)*(-287)/14?
38
Suppose -4*w = -r + 21, 8*r - 20 = 6*r - 3*w. Let b(q) be the second derivative of -3*q**3/2 - q**2/2 + q. What is the remainder when r is divided by b(-1)?
5
Calculate the remainder when (7 - (8 + 2169/3))/(-2) is divided by (-312)/30*(-7 + 2).
50
Let m(a) = 2*a**2 + 4*a - 2*a + 20044 - 20029. What is the remainder when 115 is divided by m(-4)?
37
Let v(l) = 22*l + 40. Let y be v(0). Suppose -a + y*n = 44*n + 1, -3*n = -a + 27. Calculate the remainder when 44 is divided by a.
14
Suppose 2*l + 0*l = -3*b + 26, 5*l - 14 = b. Suppose -3*z - 405 = -b*z. Suppose 0 = -4*r + 846 - 662. Calculate the remainder when z is divided by r.
43
Let m = 24836 - 7292. What is the remainder when m is divided by 121?
120
Suppose -367*n + 362*n + 3*u + 676 = 0, n + 5*u = 96. Let v = -1 + 8. What is the remainder when n is divided by v?
5
Suppose -97 = -14*u + 155. Calculate the remainder when 104 - (-7 + (-3 - -7)) is divided by u.
17
Suppose 3*f - 136 = h, -f - 3*h + 0*h + 52 = 0. Calculate the remainder when 628 is divided by (-1 + f)*(10 - 308/33).
28
Suppose 4*l - 657 = -3*k - 114, 2*k - 137 = -l. Let b be 15 - -3*5/(-15). What is the remainder when l is divided by 30/(-70) + 482/b?
33
Suppose 0 = v + 540 - 576. What is the remainder when 3 + 2 + 319 - 3 is divided by v?
33
Let z(y) be the third derivative of -5*y**4/8 + 4*y**3 + 50*y**2 - 2*y. Let r be z(4). What is the remainder when 3 is divided by (-24)/r + (-1)/(-3)?
0
Suppose 8*c - 316 - 274 = -3*d, c = d + 60. What is the remainder when ((-52)/12)/((-1)/21) is divided by c?
21
Suppose 2*g - z - 18 = 0, -3*g + 27 = 2*z - z. What is the remainder when (-49)/(245/(-15)) + (0 - -11) is divided by g?
5
Let v = -27863 - -28465. What is the remainder when 646 is divided by v?
44
Let t = 500 - 498. Suppose 5*q = c + 426, q = -t*c - 2*c + 102. Calculate the remainder when 167 is divided by q.
81
Suppose 3*a - 2308 = 397 + 526. What is the remainder when a is divided by 18?
15
Let w = 11422 - 10156. What is the remainder when 3807 is divided by w?
9
What is the remainder when 19 + (-84)/6 - -441 is divided by 89?
1
Let z(t) = -20*t + 1248. Calculate the remainder when z(-15) is divided by 50.
48
Let u(h) = -h + 13. Let j be ((-9)/18)/(0 + (-2)/48). Let l be u(j). Calculate the remainder when (0 + l)/(((-2)/62)/(-1)) is divided by 9.
4
Let a = -18071 - -18084. Calculate the remainder when a is divided by (25/(-20))/(2/(-8)).
3
Suppose 244*f - 248*f = -12. Suppose 4*h + 71 = 3*n + f*h, -n - 5*h = 3. What is the remainder when 61 is divided by n?
17
Calculate the remainder when (72/40)/((-2)/(-5)*6/316) is divided by 94.
49
Let f(z) = z**3 + 3*z**2 - 4*z + 4. Let y be f(-4). Suppose 3*w - x + 24 = y*w, 5*w = x + 90. Let u = 16 - -38. What is the remainder when u is divided by w?
16
Calculate the remainder when 110 is divided by (-9 - -51) + (-3 + 5 - 2).
26
Let v be (-5 + -76)/(1/(-4)). Suppose 5*c - v = -2*a, -2*c - 245 = -3*a + 279. Suppose 34*q + a = 35*q. What is the remainder when q is divided by 35?
32
Let m = 153 + -126. Let k = -28 + 43. Let o = k - 1. Calculate the remainder when m is divided by o.
13
Suppose 43*m = 59*m - 2272. What is the remainder when 307 is divided by m?
23
Let o = 10799 + -10723. Calculate the remainder when 206 is divided by o.
54
Let z(u) = -77*u**3 - 6*u**2 - 7*u - 2. Let r be z(-3). Suppose -17*g + 45*g = r. What is the remainder when 144 is divided by g?
71
Let j(b) = -2*b + 33. Let h be j(0). Let i = 22 + h. Suppose -5*u = -10*u + i. Calculate the remainder when u is divided by 4.
3
Calculate the remainder when -1 + 2 - 69*(-1422)/54 is divided by 41.
14
What is the remainder when -106*((-50)/4 - -2 - -2) + 6 is divided by 35?
32
Let u = -1571 - -1713. Suppose -2 = g - 0, 0 = 5*a - g - 47. Calculate the remainder when u is divided by a.
7
Let y be 6/4*204/18. Let w = y - 13. Suppose -9*x = 107 - 125. Calculate the remainder when w is divided by x.
0
What is the remainder when (-2)/33 - 144939*12/(-594) is divided by 294?
282
Let u(i) = -19*i + 2401. Calculate the remainder when 773 is divided by u(116).
182
Suppose s + 2*x - 6 = 11, -37 = -2*s - x. Let c = 31 + -25. What is the remainder when (-1272)/(-18) + c/(-9) is divided by s?
13
What is the remainder when (15/(-20))/((-6)/7816) is divided by 163?
162
Suppose 26*y - 65 = 247. Calculate the remainder when 166 is divided by (-15)/((-45)/y) + 1 + 8.
10
Let m be -306 - -1 - (-95)/(-95). Let v = 485 + m. What is the remainder when v is divided by 15?
14
Suppose -323*c + 337*c = 602. Suppose -3*a = -48*b + c*b + 37, -2*b + 12 = -4*a. Calculate the remainder when 25 is divided by b.
1
Suppose 3785 = -154*l + 156*l + 3*q, 2*l - 3784 = -2*q. Calculate the remainder when l is divided by 86.
85
Let h(b) = -b**2 - 4*b - 108. Let s be h(-18). Let c(w) = w**2 - 7*w + 15. What is the remainder when (-15)/2*(s/27 - 10) is divided by c(10)?
40
Calculate the remainder when (204/(-85) - 9)/(1/(-115)) is divided by 220.
211
Suppose 4*y - 5*b = -6*b + 207, 2*y - 5*b - 109 = 0. Calculate the remainder when (2*6)/((-40)/y)*-5 is divided by 31.
16
Let y = -4565 - -4973. What is the remainder when y is divided by 108?
84
Suppose 70 = 2*q - 4*q - 4*v, -4*v - 4 = 0. Suppose 245 = 5*j + 3*u - 5*u, 2*j + 4*u - 98 = 0. Let m = q + j. What is the remainder when m is divided by 6?
4
Suppose c - 6*k + 4*k - 131 = 0, 3*c - 401 = 4*k. Let l = 667 + -805. Let f = l + c. What is the remainder when 3 is divided by f?
0
Let t(g) = -125*g**3 + 4*g**2 + 3*g + 1. Let z be (18/4)/(5/130). What is the remainder when t(-1) is divided by (-6 - -2)*z/(-18)?
23
Let u be (-3 - 0)*(-348)/4*1. Suppose l - o - 24 = 21, 5*l + 4*o - u = 0. Calculate the remainder when l is divided by 4.
1
Let j(m) = 117*m + 266. Calculate the remainder when j(3) is divided by 119.
22
Suppose 2*l = 10*x - 6*x + 112, -4*l + 248 = 4*x. What is the remainder when l is divided by 31?
29
Let p(b) be the second derivative of 5*b**3/3 - b**2 - 4*b. Let h be p(-1). What is the remainder when 117/12*(-4 - h) is divided by 16?
14
Let t = 4415 - 4392. What is the remainder when 88 is divided by t?
19
Let l = 231 + -791. Let o = -38 + 54. Calculate the remainder when (-12)/((-10)/8 - 476/l) is divided by o.
14
Suppose 4*d + 122 - 788 = -f, -4*d + 664 = 2*f. Suppose 2247*s - 2250*s = -72. Calculate the remainder when d is divided by s.
23
Suppose -52 - 68 = -4*a. Suppose 2*t + 3*t - 55 = -p, -2*p - 5*t = -110. What is the remainder when p is divided by a?
25
Let s = -689 - -695. Let f(m) = m**3 - 3*m**2 - 2*m - 30. Calculate the remainder when 73 is divided by f(s).
7
Let u = -13678 - -13849. Calculate the remainder when 1707 is divided by u.
168
Suppose 13330 = 4*g + 3*b, 3*g - 10*b - 9987 = -7*b. What is the remainder when g is divided by 49?
48
Let c be (24 - 17) + -4 + -1. Suppose 0*l - 2*l - c*v + 38 = 0,